20. What are the prime factors of n?
2, 7
Let z(o) = -8*o**3 + 3*o**2 + o - 2. Let p be z(-3). Suppose -4*s - p - 106 = 0. List the prime factors of 3 + -4 + s/(-2).
2, 3, 7
Let y be (-8)/(-20) + 112/20. Let h be 2/y + (-240)/(-9). Suppose 0 = -3*a - n + h, -2*a + 0*n + 2*n = -18. List the prime factors of a.
3
Let i(d) = -5 - d - 13 + 5 - 3*d. List the prime factors of i(-16).
3, 17
Suppose -p = 4*p - 60. Suppose 0 = 8*z - p*z + 36. What are the prime factors of ((-100)/6)/((-6)/z)?
5
Suppose -x - 709 = -1503. What are the prime factors of x?
2, 397
What are the prime factors of 3376/(-20)*55/(-22)?
2, 211
Let r = -79 - -253. What are the prime factors of r?
2, 3, 29
Let x(t) = t**2 - 2*t - 1. Let c be (6/(-3) - -4) + -5 + 1. List the prime factors of x(c).
7
Let h(v) be the first derivative of -v**4/4 - 2*v**3/3 + 28*v - 17. List the prime factors of h(0).
2, 7
Suppose z - 1 = -k + 2, -3*z = -k - 9. Suppose 0*a + 12 = 4*a. Suppose -5*c + a*q + 135 = 0, -3*c + c + 75 = z*q. List the prime factors of c.
2, 3, 5
Suppose -2*d - 4 = 3*s + 3, -d + 5*s + 29 = 0. What are the prime factors of d*206*3/24?
103
Suppose 9*o + 20 + 34 = 0. Let f(d) = 5*d**2 + 6*d - 2. What are the prime factors of f(o)?
2, 71
Let i(a) = -a**2 - 12*a - 10. Let f(g) = -g**2 - 11*g - 10. Let v(k) = -3*f(k) + 2*i(k). What are the prime factors of v(-9)?
2, 5
Suppose 6 = -3*u + 21. Suppose 4*k + 6 - 51 = 5*a, -2*k - 15 = u*a. Suppose -l - k*q + 45 = 3*l, -20 = -4*q. List the prime factors of l.
5
Suppose 11 = -4*u - 5. Let k = -459 + 479. Let i = k + u. What are the prime factors of i?
2
Suppose 134*u - 131*u + 3*q = 11505, -11489 = -3*u + q. What are the prime factors of u?
3, 1277
Let h(c) = 3*c - 29. Let b be h(13). What are the prime factors of (b/20)/(1/44)?
2, 11
Suppose -14*i + 15813 = 1365. What are the prime factors of i?
2, 3, 43
Let v be (-12)/16 - 5/4. Let c be 2/(8/v)*-12. Suppose a - 10 = -c. What are the prime factors of a?
2
Let y be ((1 - 27) + -4)*(-1 - -2). List the prime factors of (-4 - y/(-4))*-4.
2, 23
What are the prime factors of 1/((-3)/(-24)*2/72)?
2, 3
Let d(l) = -5*l**2 - 4*l - 1. Let t be d(-4). Let m = t - -106. Suppose -4*v = -2*v + 3*g - 26, -3*v - 5*g + m = 0. List the prime factors of v.
7
Let h = 876 - -94. List the prime factors of h.
2, 5, 97
List the prime factors of 2 - 1/(3 - 1030/343).
3, 5, 23
Let i = -260 + 172. Let y(c) = -15*c**2 - 2*c + 3. Let d be y(2). Let u = d - i. What are the prime factors of u?
3
Let r(a) = a**3 + 24*a**2 + 47*a - 4. What are the prime factors of r(-14)?
2, 11, 59
Suppose 8*b - 362 = 4734. List the prime factors of b.
7, 13
Suppose 0 = -5*b + 25, -2*j + j - 4*b + 257 = 0. What are the prime factors of j?
3, 79
Let g be 1*(-2 - -2)*1. Suppose -t - 5*w + 2 = -0*t, -3*w + 12 = g. What are the prime factors of 6/4 + (-243)/t?
3, 5
Suppose 65 = -7*z + 1878. List the prime factors of z.
7, 37
Let r(l) = 2*l**3 - 2*l**2 + 10*l - 2. Let s be r(5). List the prime factors of ((-3)/2 - -3)/(6/s).
2, 31
List the prime factors of 5570/15 - ((-11)/3 + 4).
7, 53
Suppose 11 = 4*g - z, 0*z = 3*z - 3. Suppose 5*h + 27 = c, -g*c = 3*h - 6*h - 69. What are the prime factors of c?
2, 11
Let q(z) = 2*z**2 - 9*z - 30. What are the prime factors of q(-21)?
3, 347
Let v = -3557 + 6160. What are the prime factors of v?
19, 137
Let s(p) = 4 - 8 - 5 - 35*p + p. What are the prime factors of s(-2)?
59
Let x(i) = 5*i + 5*i**3 + 4 - 5*i - 5 + 2*i**2. What are the prime factors of x(1)?
2, 3
Let i(q) = 14*q + 153. What are the prime factors of i(-9)?
3
Suppose -51*t + 45*t + 1626 = 0. List the prime factors of t.
271
Let a(b) = -10 - b - 8 + 17. Let j be a(-2). Let q(i) = 19*i**2 + i - 2. What are the prime factors of q(j)?
2, 3
Suppose 5*l = -0*l + 10. Suppose 0 = -l*a + j + 31, -a = 3*a + 2*j - 74. Let y = a + -9. What are the prime factors of y?
2
Let j be 0/((-1)/(-2)*2). Let y(k) be the first derivative of k**4/4 + k**3/3 + 2*k - 73. What are the prime factors of y(j)?
2
Let v be 30/9*6/4. Let s = 7 - v. Suppose -s*c + 52 = 20. What are the prime factors of c?
2
Let g = 10 - 20. Let d = g - -18. Suppose -47 = -5*v + d. What are the prime factors of v?
11
Let q be (-21)/(-5)*60/4. What are the prime factors of (-380)/(-9) + (-14)/q?
2, 3, 7
Let v = -6 - -8. Suppose v = 2*q - q. Suppose q*t + 9 = 41. What are the prime factors of t?
2
Let n(c) = c**2 + 11*c + 6. Let h be n(-6). Let k = -6 - -7. Let w = k - h. List the prime factors of w.
5
Suppose -4 = -p + 3*i, i - 4 = -i. Let n(l) = -3 + 9 + l + 6. List the prime factors of n(p).
2, 11
Let k be 20/(-24)*(2/(-2) - 5). Suppose -357 = -k*v + 283. What are the prime factors of v?
2
Suppose -l = -b + 1324, -b + 6*l - 8*l = -1315. What are the prime factors of b?
1321
Suppose 4*w + 4*k = 8, w - 2*w + 6 = -k. Suppose 10*n = 12*n - 268. Suppose -w*d = -n + 34. What are the prime factors of d?
5
Let k(r) = -2*r + 14. Let p be k(-11). Let c = 34 + p. What are the prime factors of c?
2, 5, 7
Suppose -n + 3*u = -0*n + 2, n + 3*u - 10 = 0. Let c(b) = b**2 + 2*b + 2. What are the prime factors of c(n)?
2, 13
Let g be 2/5 - (-12)/(-5). Let x = g + 14. What are the prime factors of (x - 0)/((-1)/(-2))?
2, 3
Let a(s) = s - 1 + s**2 - 7*s - 2*s. List the prime factors of a(13).
2
Suppose 0 = -4*h + 2*u + 114, 0 = 2*h - 4*u + 14 - 80. Let q = 23 - h. What are the prime factors of (-7 - 23)/(q/6)?
3, 5
Let n(w) be the third derivative of -17*w**4/8 - 9*w**2. Suppose 7*r = 11*r + 4. List the prime factors of n(r).
3, 17
Let q = 391 - -338. What are the prime factors of q?
3
Let w(d) = 118*d - 44. List the prime factors of w(5).
2, 3, 7, 13
Let n = -1492 + 4803. What are the prime factors of n?
7, 11, 43
Suppose 60*j - 93744 = 36*j. List the prime factors of j.
2, 3, 7, 31
Suppose v = 3*m + 504, 5*m + 1081 = 2*v + 76. List the prime factors of v.
3, 5, 11
Let o be 1*(-8)/(-4) - -20. Let k(b) = -1 + o*b - 36*b - 2. List the prime factors of k(-3).
3, 13
Let y = -22 + 27. Suppose 5*t - 4*n - 200 = n, 0 = 4*t + y*n - 115. What are the prime factors of t?
5, 7
Suppose 4*l - 2420 - 2042 = 5*o, 0 = 5*o - 10. What are the prime factors of l?
2, 13, 43
Let d be (-2)/5 - 835/(-25). Let i = 34 + d. What are the prime factors of i?
67
Let l = 1359 - 1195. What are the prime factors of l?
2, 41
Suppose 6*f - 831 = 12993. What are the prime factors of f?
2, 3
Let a = 297 - 172. List the prime factors of a.
5
Suppose 2*n - 2*b = 4596, 95*b = 3*n + 99*b - 6859. What are the prime factors of n?
2293
Suppose 0 = -0*d + 5*d + 25, 3*d + 3515 = 5*j. List the prime factors of j.
2, 5, 7
Let z(l) = -15*l - 12. Suppose 26 = -8*t - 46. What are the prime factors of z(t)?
3, 41
Suppose -5 - 3 = -4*v. Suppose 14*w = v*w + 3012. List the prime factors of w.
251
Suppose -5*b - 2*h + 184 - 734 = 0, 4*h - 520 = 5*b. What are the prime factors of ((-2)/9)/(-1) + (-22980)/b?
3, 71
Suppose -24*c = -24659 + 5027. What are the prime factors of c?
2, 409
Let n = -2 - -4. Suppose n*v - 4*v = -292. Suppose -4*t - 2*j = -v - 60, -2*t + 85 = -5*j. What are the prime factors of t?
2, 5
Let n = 243 + -378. Let x = 376 + n. What are the prime factors of x?
241
Suppose -57*z + 82360 = -39848. What are the prime factors of z?
2, 67
What are the prime factors of (-54)/15*(3185/(-2))/13?
3, 7
Suppose 3*g = -3*x + 1287, -2*g = 4*x - 0*g - 1708. List the prime factors of x.
5, 17
Let z be (1 - 2) + 0 + 1. Suppose 345 = 5*q - z*q. What are the prime factors of (2/(-3))/((-2)/q)?
23
Let z(i) = 2*i**3 + 12*i**2 + 11*i - 8. Let g(o) = o**3 + o. Let l(x) = -g(x) + z(x). Suppose -3*m + 12*m = -99. What are the prime factors of l(m)?
3
Suppose -15*c - 2*b = -13*c - 7392, -5*c + 18480 = -b. What are the prime factors of c?
2, 3, 7, 11
Suppose -5*x + 3*j = -0*j - 6003, 4*x - j - 4801 = 0. List the prime factors of x.
2, 3, 5
Suppose 24 = 10*q - 16. Let s(b) = b**2 + b - 1. Let c be s(1). Let m = c + q. What are the prime factors of m?
5
Suppose f - 3*f - 2*q = -18, -q - 15 = -5*f. Let w be ((-2)/2)/(f/(-20)). Suppose 20 = 5*b - 5*i - 10, 5*i = -w*b + 60. What are the prime factors of b?
3
Let g(v) = 23*v - 3. Let o be g(1). Suppose o + 28 = 3*r. List the prime factors of r.
2
Let z be (-4 + -1)/(20/(-8)). Suppose -4*r = -z*v - 12, 2*r = -3*v + 3*r - 3. Sup